{"id":2,"date":"2015-12-04T14:23:57","date_gmt":"2015-12-04T14:23:57","guid":{"rendered":"http:\/\/inovarpredial.com.br\/wordpress\/?page_id=2"},"modified":"2022-07-29T11:55:34","modified_gmt":"2022-07-29T14:55:34","slug":"quem-somos","status":"publish","type":"page","link":"https:\/\/inovarpredial.com.br\/sindico\/quem-somos\/","title":{"rendered":"Quem Somos"},"content":{"rendered":"\n<p>A <strong>Inovar Predial<\/strong>, \u00e9 uma empresa de gest\u00e3o e assessoria para condom\u00ednios residenciais e comerciais com atendimentos<br>emerg\u00eancias 24 horas. Trabalhamos h\u00e1 anos, com transpar\u00eancia e imparcialidade, visando sempre o bem estar<br>e a seguran\u00e7a de todos.<\/p>\n\n\n\n<p>Nosso objetivo \u00e9 atender com excel\u00eancia \u00e0s necessidades do Condom\u00ednio, gerando valoriza\u00e7\u00e3o do seu patrim\u00f4nio,<br>desenvolvendo&nbsp; servi\u00e7os que contribuam para a melhoria da qualidade de vida dos Cond\u00f4minos, bem como buscando<br>a redu\u00e7\u00e3o de custos e procurando sempre conhecimento e inova\u00e7\u00e3o.<\/p>\n\n\n\n<blockquote class=\"wp-block-quote is-layout-flow wp-block-quote-is-layout-flow\"><p>&#8220;Atender com excel\u00eancia \u00e0s necessidades do Condom\u00ednio,<br>gerando valoriza\u00e7\u00e3o do seu patrim\u00f4nio.&#8221;<\/p><\/blockquote>\n\n\n\n<div class=\"wp-block-columns has-4-columns hexagonos is-layout-flex wp-container-core-columns-is-layout-9d6595d7 wp-block-columns-is-layout-flex\">\n<div class=\"wp-block-column is-layout-flow wp-block-column-is-layout-flow\">\n<p style=\"text-align:center\"><span> Maior<\/span><br><span>empresa<\/span><br>DO ESTADO DO<br><strong>RIO DE JANEIRO<\/strong><\/p>\n<\/div>\n\n\n\n<div class=\"wp-block-column is-layout-flow wp-block-column-is-layout-flow\">\n<p style=\"text-align:center\">  <span>+60<\/span><br>CONDOM\u00cdNIOS<\/p>\n<\/div>\n\n\n\n<div class=\"wp-block-column is-layout-flow wp-block-column-is-layout-flow\">\n<p style=\"text-align:center\"><span>92%<\/span><br>DOS CLIENTES<br>SATISFEITOS<\/p>\n<\/div>\n\n\n\n<div class=\"wp-block-column is-layout-flow wp-block-column-is-layout-flow\">\n<p style=\"text-align:center\"><span>+ de 3000<\/span><br>IM\u00d3VEIS<br>ADMINISTRADOS<\/p>\n<\/div>\n<\/div>\n\n\n\n<div class=\"wp-block-columns has-3-columns hexagonos-2 is-layout-flex wp-container-core-columns-is-layout-9d6595d7 wp-block-columns-is-layout-flex\">\n<div class=\"wp-block-column is-layout-flow wp-block-column-is-layout-flow\">\n<p style=\"text-align:center\"> <span>+12<br>anos<\/span> DE<br>EXPERI\u00caNCIA <\/p>\n<\/div>\n\n\n\n<div class=\"wp-block-column is-layout-flow wp-block-column-is-layout-flow\">\n<p style=\"text-align:center\"><span>+ de 8700<\/span><br>MORADORES<br><\/p>\n<\/div>\n\n\n\n<div class=\"wp-block-column is-layout-flow wp-block-column-is-layout-flow\">\n<p style=\"text-align:left\">&nbsp;&nbsp;<span>      + de 280<\/span><br>FUNCION\u00c1RIOS <br>         &nbsp;&nbsp;&nbsp;&nbsp;&nbsp;&nbsp;&nbsp;&nbsp;&nbsp;&nbsp;NOS<br>CONDOM\u00cdNIOS<\/p>\n<\/div>\n<\/div>\n","protected":false},"excerpt":{"rendered":"<p>A Inovar Predial, \u00e9 uma empresa de gest\u00e3o e assessoria para condom\u00ednios residenciais e comerciais [&hellip;]<\/p>\n","protected":false},"author":1,"featured_media":0,"parent":0,"menu_order":0,"comment_status":"open","ping_status":"closed","template":"","meta":{"_acf_changed":false,"_exactmetrics_skip_tracking":false,"_exactmetrics_sitenote_active":false,"_exactmetrics_sitenote_note":"","_exactmetrics_sitenote_category":0,"footnotes":""},"class_list":["post-2","page","type-page","status-publish","hentry"],"acf":[],"_links":{"self":[{"href":"https:\/\/inovarpredial.com.br\/sindico\/wp-json\/wp\/v2\/pages\/2","targetHints":{"allow":["GET"]}}],"collection":[{"href":"https:\/\/inovarpredial.com.br\/sindico\/wp-json\/wp\/v2\/pages"}],"about":[{"href":"https:\/\/inovarpredial.com.br\/sindico\/wp-json\/wp\/v2\/types\/page"}],"author":[{"embeddable":true,"href":"https:\/\/inovarpredial.com.br\/sindico\/wp-json\/wp\/v2\/users\/1"}],"replies":[{"embeddable":true,"href":"https:\/\/inovarpredial.com.br\/sindico\/wp-json\/wp\/v2\/comments?post=2"}],"version-history":[{"count":21,"href":"https:\/\/inovarpredial.com.br\/sindico\/wp-json\/wp\/v2\/pages\/2\/revisions"}],"predecessor-version":[{"id":744,"href":"https:\/\/inovarpredial.com.br\/sindico\/wp-json\/wp\/v2\/pages\/2\/revisions\/744"}],"wp:attachment":[{"href":"https:\/\/inovarpredial.com.br\/sindico\/wp-json\/wp\/v2\/media?parent=2"}],"curies":[{"name":"wp","href":"https:\/\/api.w.org\/{rel}","templated":true}]}}